j. What is the remainder when 76 is divided by x?
8
Let f = 2909 + -2840. Calculate the remainder when 1027 is divided by f.
61
Calculate the remainder when 2*(-1576)/(-12)*(-12)/(-16) is divided by 34.
27
Let w = 329 + -295. Calculate the remainder when 35 is divided by w.
1
Let g = -30 + 3. Let p be 23/((21/6)/(-7)). Let j = g - p. Calculate the remainder when j is divided by 5.
4
Let d = -450 - -530. Calculate the remainder when d is divided by 52.
28
Let s = 95 + -63. Suppose -s = -5*j + j. Calculate the remainder when 27 is divided by 30/j*56/21.
7
Let n(r) = -8*r - 2. Let u be n(4). Let c(w) = w**3 + 7*w**2 + 3*w + 1. Let i be c(-6). Let s = i - u. Calculate the remainder when s is divided by 14.
11
Suppose s = 3*m - 4*m + 38, s = -4*m + 38. What is the remainder when 146 is divided by s?
32
Let g(c) = -c**2 + 13*c - 6. Let m be g(12). Suppose -m = -16*x + 14*x. Suppose -9 = a - 4*a. Calculate the remainder when a is divided by x.
0
What is the remainder when 47760/520 - 2/(-13) is divided by 32?
28
Let n = 266 - 265. Calculate the remainder when 5 is divided by n.
0
Suppose -t + 910 = -4*x, -9*t + 3*x = -7*t - 1820. What is the remainder when t is divided by 24?
22
Let u = 19 + -33. Calculate the remainder when (-6 - 29/(-4)) + (-39)/(-4) is divided by (1 - 2)/(2/u).
4
Let w be ((-40275)/54)/25 + 2/(-12). What is the remainder when 125 is divided by (-520)/w - 4/3?
13
Let x = 15 + -11. Let u be -4 + 2/(2/292*-4). Let a = 88 + u. What is the remainder when a is divided by x?
3
Let h(f) = -f**3 - 4*f**2 - 3*f - 2. Let j = -399 - -427. Calculate the remainder when j is divided by h(-4).
8
Let d(u) be the third derivative of u**4/8 + 16*u**3/3 + 23*u**2. What is the remainder when 14 is divided by d(-10)?
0
Let q(h) = h**3 + 4*h**2 + 4*h + 6. Let l be q(-4). Let k = l - -59. What is the remainder when k is divided by 1/(4/40*1)?
9
Suppose -m - o + 66 = 0, 0 = -5*m + 11*o - 13*o + 339. What is the remainder when m is divided by 12?
9
Suppose 2*v = -0*v + 96. Suppose -3*y = 5*q - 90, -5*y + 102 = 4*q - v. Calculate the remainder when 59 is divided by y.
29
Suppose 0*a - 4*m = 4*a + 12, 0 = -4*m - 12. Calculate the remainder when 32 is divided by 2 - (-24)/9*(a + 6).
14
Suppose 3*c = o - 14, 0 = 4*o - 2*c - 35 - 21. What is the remainder when 1734 is divided by o?
12
Suppose -r - 28 + 16 = 0. Let k = 3 - r. What is the remainder when 42 is divided by k?
12
Let z(m) = -11*m + 35. Let b(j) = 15*j**2 + 2. Calculate the remainder when b(2) is divided by z(2).
10
Calculate the remainder when (66/7)/(27/189) is divided by 17.
15
Let z(m) = -m**2 - 4*m + 12. Let i be z(-6). Let a = i + 3. Calculate the remainder when 10 is divided by a.
1
Let l = -4 - -6. Suppose l*v - 71 + 21 = 0. What is the remainder when 72 is divided by v?
22
Let n = -91 + 220. Calculate the remainder when 136 is divided by n.
7
Calculate the remainder when 767 is divided by 1 + 33 + (-81 - -89) - 7.
32
Let y(m) = -m**2 - 5*m - 7. Let p be y(-10). Let g = -39 - p. Calculate the remainder when 67 is divided by g.
13
Let s(q) = 2*q**2 - 10*q - 51. Suppose 11 - 74 = -3*t. What is the remainder when s(-6) is divided by t?
18
Let z(q) = -6*q + 4. Let n(h) = h - 1. Let v(c) = -16*n(c) - 3*z(c). Let j(y) = y**2 + 5*y - 2. Calculate the remainder when j(-9) is divided by v(7).
16
Let v(k) = k**3 - 2*k**2 + k + 2. Let g be v(2). Suppose 5*i = -5*s - 0*i + 45, -5*s - g*i = -49. Calculate the remainder when 23 is divided by s.
10
Suppose 2765 = 23*s - 4779. What is the remainder when s is divided by 22?
20
Let n = 131 - 118. What is the remainder when 42 is divided by n?
3
Suppose 0 = 20*v - 25*v - 20. Let l = 19 - v. What is the remainder when l is divided by 12?
11
Suppose -z + q + 12 = z, -4*z - q = -24. What is the remainder when 449/6 + z/36 is divided by 41?
34
Let i(g) = 4*g**2. Let x be i(1). Let k(d) = d**2 - 5*d + 14. What is the remainder when k(x) is divided by 6?
4
Suppose 439 = z + 420. Calculate the remainder when 245 is divided by z.
17
Let q(w) = -9*w - 5. What is the remainder when 63 is divided by q(-2)?
11
Calculate the remainder when 17 is divided by (-7 - 296/(-40))*20.
1
Calculate the remainder when 37 is divided by 0 - 396/(-39) - (-52)/(-338).
7
Let z(o) = -11*o + 10*o**2 - 40*o**3 + 41*o**3 + 7 + 9 + 1. Suppose 15 + 0 = 3*b. Calculate the remainder when z(-11) is divided by b.
2
Let d = 44 - 29. Suppose -s + 4*o + 18 = 0, -s + 0*s + o = -6. Suppose 2*c = -10, -s*r + 186 = r - 3*c. What is the remainder when r is divided by d?
12
Suppose -8 - 244 = -14*w. Calculate the remainder when 49 is divided by w.
13
Let t(a) = -8*a**3 - a**2 + 1. Let c be t(-1). Let d = c - 0. Calculate the remainder when 23 is divided by d.
7
Let l(c) = -7*c**3 + c**2 - 1. What is the remainder when 32 is divided by l(-1)?
4
Suppose -2*x - 73 = 4*g + g, 20 = -4*g. Let z be (x/(-9))/4*141. Suppose -c - c + z = 0. What is the remainder when c is divided by 25?
22
Let r be ((-8)/(-12))/(3/(-144)). Let j = 1 - r. What is the remainder when j is divided by 12?
9
Let j(p) = 24*p - 4. What is the remainder when j(3) is divided by 1*-5*-3*420/350?
14
Let t = 70 + 0. Suppose t = -s + 6*s. Suppose 6662*y - 35 = 6655*y. What is the remainder when s is divided by y?
4
Suppose -19*p = -3*p - 176. Calculate the remainder when 95 is divided by p.
7
Let q = -7 + 4. Let n = 5 + q. Suppose -2*z + 10 = 5*m - 6, n*m + 4 = 0. Calculate the remainder when z is divided by 4.
1
Suppose r = 2*c + 23, 0 = 3*r + 2*r + 2*c - 151. Let d(q) = 7*q**2 - 153*q - 18. What is the remainder when r is divided by d(22)?
1
Let c be ((-2)/(-3))/((-2)/(-54)*-3). Let p(j) = -j**3 - 2*j**2 - 8*j + 1. Calculate the remainder when p(c) is divided by 28.
25
Suppose 352 = -19*m + 1454. What is the remainder when m is divided by 10?
8
Suppose 3*l + 0*l = 4*p + 135, -5*p + 15 = 0. Calculate the remainder when l is divided by 17.
15
Let p(z) = z**3 - 17*z**2 + 31*z - 45. Calculate the remainder when p(16) is divided by 42.
27
Let s(g) = -11*g - 24. Let m(p) = -p - p + 4*p + 6 - p. Calculate the remainder when s(-4) is divided by m(5).
9
Suppose 0 = -6*s - 136 - 50. Let k = 0 - -16. Calculate the remainder when (-7 + 4)*s/3 is divided by k.
15
Suppose 0 = 4*x + 3*g - 536, 2*x = -44*g + 39*g + 282. What is the remainder when 508 is divided by x?
115
Let y be 25/(-2) + (-3)/(-6). Calculate the remainder when 55/(-44)*y/(1 + 2) is divided by 4.
1
Let y = -31 + 29. Let x(i) = -12*i + 3. Calculate the remainder when x(y) is divided by 7.
6
Suppose -25 = 4*h - 181. Let b = 1102 + -1088. What is the remainder when h is divided by b?
11
Suppose 0 = 3*i - x + 1, -5*i - 5*x = -0*i - 5. Calculate the remainder when 65 + 1 + -1 + i is divided by 17.
14
Suppose 19*u = -2*r + 17*u + 98, 0 = -4*r + 3*u + 217. Calculate the remainder when r is divided by 16.
4
Calculate the remainder when 9 - -493*9/9 is divided by 9.
7
Suppose 5*v = 3*g + 20, v = 3*v - 3*g - 17. Calculate the remainder when 76 is divided by (7/21)/(v/117).
37
Suppose -2*l + 358 - 38 = r, 4*r - 5*l = 1241. Suppose -14*v + r = 62. Calculate the remainder when (-101 - 1)*(-1)/2 is divided by v.
15
Suppose 5*l = -y + 2108, 4*y = -2*l + 196 + 640. Calculate the remainder when l is divided by 85.
82
Let v(h) = h**2 - 4*h + 6. Suppose 5*a = -c + 212, 3*a + 3*c = -0*a + 132. What is the remainder when a is divided by v(5)?
9
Suppose -62 = -4*i + 46. Suppose 5*k - 5*h = 20, -k + 4*h = -26 + 10. Suppose k = 2*f - 33 - 69. What is the remainder when f is divided by i?
24
Suppose -13 + 1 = -l - 3*p, -l = -3*p. Suppose 5*r = 5*g + 30, r + 5*g = l - 0. Suppose -r*q = -190 + 16. What is the remainder when q is divided by 15?
14
Let o(r) = -8*r - 2. Let x be o(-1). Let i = x - -4. Calculate the remainder when 28 is divided by i.
8
Let t(o) = 2*o**3 + 5*o**2 - 42*o - 101. Calculate the remainder when (-355)/(-4) + (-1)/(-4) is divided by t(-4).
13
Suppose -3*a = l - 16, 2*a - 3*l - 7 = -0. Suppose 33 - 973 = a*o. Calculate the remainder when 54 is divided by (-5)/(-25) + o/(-10).
16
Let j = -132 + 139. What is the remainder when 22 is divided by j?
1
What is the remainder when 493 is divided by (12 - 375/30)*1*-142?
67
Let q(m) = 11*m - 168. Calculate the remainder when q(28) is divided by 18.
14
Sup